s of 414140360.
2, 5, 10353509
List the prime factors of 3247994033.
1973, 1646221
What are the prime factors of 1942297086?
2, 3, 313, 1034237
What are the prime factors of 295025869?
523, 564103
List the prime factors of 5332758643.
5231, 1019453
List the prime factors of 2812655126.
2, 1406327563
List the prime factors of 194396599.
29, 257, 26083
List the prime factors of 1932479100.
2, 3, 5, 163, 4391
List the prime factors of 1147965284.
2, 286991321
What are the prime factors of 112739278?
2, 191, 295129
What are the prime factors of 2114127623?
3461, 610843
List the prime factors of 441711719.
269, 1642051
List the prime factors of 43663472.
2, 2728967
What are the prime factors of 14214068?
2, 11, 37, 8731
What are the prime factors of 7720216104?
2, 3, 467, 688813
What are the prime factors of 69719076?
2, 3, 7, 92221
List the prime factors of 77259826.
2, 7, 41, 281, 479
List the prime factors of 145231705.
5, 29046341
What are the prime factors of 26459818?
2, 7, 11, 19, 9043
List the prime factors of 3714904021.
12097, 307093
What are the prime factors of 1218782067?
3, 43, 197, 199, 241
What are the prime factors of 1269487454?
2, 5419, 117133
List the prime factors of 1925964596.
2, 481491149
What are the prime factors of 5689006?
2, 443, 6421
What are the prime factors of 742839581?
11, 67530871
What are the prime factors of 57988082?
2, 491, 59051
List the prime factors of 2306275491.
3, 13, 149, 396881
List the prime factors of 3622375476.
2, 3, 100621541
What are the prime factors of 50898496?
2, 11, 197, 367
What are the prime factors of 652277035?
5, 130455407
List the prime factors of 105291300.
2, 3, 5, 350971
What are the prime factors of 30117685?
5, 13, 563, 823
List the prime factors of 110992448.
2, 7, 35393
What are the prime factors of 637938201?
3, 29, 37, 198179
What are the prime factors of 1188463298?
2, 11, 54021059
What are the prime factors of 218310041?
218310041
What are the prime factors of 167479392?
2, 3, 83, 21019
List the prime factors of 23084893.
13, 23, 5939
What are the prime factors of 7045047314?
2, 29, 121466333
List the prime factors of 464678244.
2, 3, 71, 137, 1327
What are the prime factors of 46224894?
2, 3, 23, 334963
List the prime factors of 2111721762.
2, 3, 503, 699709
List the prime factors of 252754039.
3947, 64037
What are the prime factors of 241710143?
47, 773, 6653
List the prime factors of 2991742958.
2, 2393, 625103
List the prime factors of 110113611.
3, 36704537
List the prime factors of 146449822.
2, 73224911
List the prime factors of 35150551.
19, 1850029
What are the prime factors of 412456746?
2, 3, 13, 23, 61, 3769
List the prime factors of 28163877.
3, 7, 283, 677
What are the prime factors of 34074698?
2, 7, 17, 113, 181
What are the prime factors of 1942100137?
1942100137
List the prime factors of 111486284.
2, 7, 13, 61, 5021
List the prime factors of 52655276.
2, 1229, 10711
List the prime factors of 72491532.
2, 3, 29, 208309
List the prime factors of 21383551.
7, 436399
What are the prime factors of 7214767?
7, 1030681
What are the prime factors of 165778617?
3, 55259539
List the prime factors of 3751528605.
3, 5, 11, 37, 107, 5743
What are the prime factors of 489943984?
2, 30621499
List the prime factors of 48978128.
2, 3061133
What are the prime factors of 278491774?
2, 11, 23, 550379
What are the prime factors of 166404422?
2, 83202211
List the prime factors of 101803971.
3, 33934657
What are the prime factors of 53792994?
2, 3, 8965499
What are the prime factors of 69706485?
3, 5, 1549033
List the prime factors of 437195305.
5, 113, 317, 2441
What are the prime factors of 120346761?
3, 6271, 6397
List the prime factors of 99321710.
2, 5, 9932171
List the prime factors of 1194549387.
3, 17, 23422537
What are the prime factors of 185411644?
2, 11, 4213901
List the prime factors of 835164990.
2, 3, 5, 11, 53, 1447
What are the prime factors of 1879713188?
2, 17, 1399, 19759
List the prime factors of 2911927735.
5, 1021, 570407
List the prime factors of 1357787683.
7, 137, 1415837
List the prime factors of 19305485.
5, 47, 113, 727
List the prime factors of 195940602.
2, 3, 11, 13, 76123
List the prime factors of 1302664589.
1302664589
What are the prime factors of 62410042?
2, 727, 42923
List the prime factors of 1404869.
1404869
What are the prime factors of 51115006?
2, 331, 77213
List the prime factors of 213092100.
2, 3, 5, 13, 467
What are the prime factors of 3734459619?
3, 11, 157, 503, 1433
List the prime factors of 318341022.
2, 3, 23, 83, 27793
What are the prime factors of 44305102?
2, 22152551
What are the prime factors of 289155375?
3, 5, 29, 8863
What are the prime factors of 562442904?
2, 3, 547, 14281
List the prime factors of 787773593.
787773593
List the prime factors of 67278546.
2, 3, 383, 3253
List the prime factors of 586981792.
2, 18343181
What are the prime factors of 662291172?
2, 3, 389, 47293
What are the prime factors of 1711253197?
2113, 809869
What are the prime factors of 318231084?
2, 3, 26519257
List the prime factors of 6414007909.
6414007909
What are the prime factors of 5608149355?
5, 1121629871
List the prime factors of 118500882.
2, 3, 103, 191749
What are the prime factors of 10927536?
2, 3, 251, 907
What are the prime factors of 195057173?
19, 10266167
List the prime factors of 460872585.
3, 5, 379319
List the prime factors of 1428293739.
3, 67, 1153, 6163
List the prime factors of 463479686.
2, 37, 6263239
List the prime factors of 197482433.
67, 2947499
List the prime factors of 78236493.
3, 26078831
List the prime factors of 7161073397.
7161073397
What are the prime factors of 571296093?
3, 190432031
List the prime factors of 81678075.
3, 5, 149, 7309
What are the prime factors of 65924915?
5, 7, 1291, 1459
What are the prime factors of 2507331524?
2, 626832881
List the prime factors of 3999244776.
2, 3, 31, 83, 64763
What are the prime factors of 444013352?
2, 55501669
What are the prime factors of 944894429?
151, 6257579
List the prime factors of 617184356.
2, 3733, 41333
List the prime factors of 2138018225.
5, 7, 19, 97, 947
What are the prime factors of 188898253?
3823, 49411
List the prime factors of 53416806.
2, 3, 941, 9461
What are the prime factors of 236966337?
3, 29, 67, 4517
List the prime factors of 21285070.
2, 5, 139, 15313
What are the prime factors of 821745285?
3, 5, 67, 661, 1237
What are the prime factors of 3450219827?
3450219827
List the prime factors of 1189194571.
32143, 36997
What are the prime factors of 1045565684?
2, 37, 7064633
What are the prime factors of 526339607?
31, 683, 24859
List the prime factors of 3353661755.
5, 670732351
What are the prime factors of 163857555?
3, 5, 977, 3727
What are the prime factors of 134055509?
7, 1033, 18539
What are the prime factors of 1278999618?
2, 3, 13, 1013, 16187
List the prime factors of 2215878249.
3, 13, 19, 619, 4831
What are the prime factors of 24242002?
2, 149, 81349
What are the prime factors of 215073789?
3, 7, 167, 8761
What are the prime factors of 1000986271?
37, 59, 61, 7517
List the prime factors of 325758144.
2, 3, 1696657
What are the prime factors of 75393472?
2, 7, 11, 15299
List the prime factors of 10501505.
5, 7, 300043
What are the prime factors of 131784067?
193, 682819
List the prime factors of 175446308.
2, 149, 431, 683
What are the prime factors of 88897675?
5, 17, 19, 101, 109
List the prime factors of 579458368.
2, 43, 239, 881
What are the prime factors of 1632242608?
2, 127, 803269
List the prime factors of 2935289710.
2, 5, 773, 379727
List the prime factors of 65031264.
2, 3, 349, 647
List the prime factors of 1431275804.
2, 7, 1013, 50461
What are the prime factors of 23688862?
2, 61, 281, 691
List the prime factors of 19360781.
11, 1760071
List the prime factors of 158130482.
2, 53, 1491797
What are the prime factors of 73954269?
3, 23, 119089
List the prime factors of 317930617.
17, 197, 94933
List the prime factors of 17158296.
2, 3, 547, 1307
List the prime factors of 922615703.
757, 1218779
What are the prime factors of 1948312109?
1063, 1213, 1511
List the prime factors of 1927912078.
2, 443, 1163, 1871
What are the prime factors of 136730154?
2, 3, 11, 2071669
List the prime factors of 202854115.
5, 